{"id":38,"date":"2014-12-10T22:25:55","date_gmt":"2014-12-10T21:25:55","guid":{"rendered":"http:\/\/www.anthonyequipementauto.fr\/?page_id=38"},"modified":"2016-01-29T14:04:03","modified_gmt":"2016-01-29T13:04:03","slug":"coordonnees","status":"publish","type":"page","link":"https:\/\/www.anthonyequipementauto.fr\/?page_id=38","title":{"rendered":"Coordonn\u00e9es"},"content":{"rendered":"<div style=\"text-align: left;\">\n<p>Situation g\u00e9ographique :\u00e0 <a href=\"http:\/\/maps.google.fr\/maps?client=firefox-a&amp;rls=org.mozilla:fr:official&amp;channel=s&amp;hl=fr&amp;q=bignan&amp;um=1&amp;ie=UTF-8&amp;split=0&amp;gl=fr&amp;ei=r8mZScmyJ5iL-gbKt4n1CA&amp;sa=X&amp;oi=geocode_result&amp;resnum=1&amp;ct=title\" target=\"_blank\">==&gt;Bignan&lt;==<\/a><\/p>\n<p><center><img decoding=\"async\" style=\"width: 300px; height: 187px;\" src=\"http:\/\/anthonyequipementauto.fr\/contact\/cartedevisite.png\" alt=\"\" border=\"0\" \/><\/center><\/p>\n<div style=\"text-align: center;\"><big>Pour profiter<br \/>\nde mes services, un seul num\u00e9ro<br \/>\nde<br \/>\nt\u00e9l\u00e9phone, 06.60.98.04.67 ou un courriel,<br \/>\nanthonyequipementauto@orange. fr.<\/p>\n<p><\/big><center><img decoding=\"async\" style=\"width: 470px; height: 361px;\" src=\"http:\/\/anthonyequipementauto.fr\/contact\/carte.png\" alt=\"\" border=\"0\" \/><\/center><\/div>\n<\/div>\n","protected":false},"excerpt":{"rendered":"<p>Situation g\u00e9ographique :\u00e0 ==&gt;Bignan&lt;== Pour profiter de mes services, un seul num\u00e9ro de t\u00e9l\u00e9phone, 06.60.98.04.67 ou un courriel, anthonyequipementauto@orange. fr.<\/p>\n","protected":false},"author":1,"featured_media":0,"parent":0,"menu_order":0,"comment_status":"closed","ping_status":"open","template":"","meta":{"footnotes":""},"class_list":["post-38","page","type-page","status-publish","hentry"],"_links":{"self":[{"href":"https:\/\/www.anthonyequipementauto.fr\/index.php?rest_route=\/wp\/v2\/pages\/38","targetHints":{"allow":["GET"]}}],"collection":[{"href":"https:\/\/www.anthonyequipementauto.fr\/index.php?rest_route=\/wp\/v2\/pages"}],"about":[{"href":"https:\/\/www.anthonyequipementauto.fr\/index.php?rest_route=\/wp\/v2\/types\/page"}],"author":[{"embeddable":true,"href":"https:\/\/www.anthonyequipementauto.fr\/index.php?rest_route=\/wp\/v2\/users\/1"}],"replies":[{"embeddable":true,"href":"https:\/\/www.anthonyequipementauto.fr\/index.php?rest_route=%2Fwp%2Fv2%2Fcomments&post=38"}],"version-history":[{"count":3,"href":"https:\/\/www.anthonyequipementauto.fr\/index.php?rest_route=\/wp\/v2\/pages\/38\/revisions"}],"predecessor-version":[{"id":160,"href":"https:\/\/www.anthonyequipementauto.fr\/index.php?rest_route=\/wp\/v2\/pages\/38\/revisions\/160"}],"wp:attachment":[{"href":"https:\/\/www.anthonyequipementauto.fr\/index.php?rest_route=%2Fwp%2Fv2%2Fmedia&parent=38"}],"curies":[{"name":"wp","href":"https:\/\/api.w.org\/{rel}","templated":true}]}}