{"id":70,"date":"2014-12-11T21:44:35","date_gmt":"2014-12-11T20:44:35","guid":{"rendered":"http:\/\/www.anthonyequipementauto.fr\/?page_id=70"},"modified":"2014-12-11T21:44:35","modified_gmt":"2014-12-11T20:44:35","slug":"kit-mains-libres","status":"publish","type":"page","link":"https:\/\/www.anthonyequipementauto.fr\/?page_id=70","title":{"rendered":"Kit Mains Libres"},"content":{"rendered":"<h2>1er Syst\u00e8me voiture mains libres<br \/>\nBluetooth\u00ae avec \u00e9cran LCD<\/h2>\n<p>&nbsp;<\/p>\n<p>Le kit mains libres Parrot CK3100 LCD permet d&rsquo;envoyer et<br \/>\nrecevoir<br \/>\ndes appels sans toucher son t\u00e9l\u00e9phone portable.<br \/>\nDans un contexte de<br \/>\nrenforcement des l\u00e9gislations r\u00e9gulant l&rsquo;usage du<br \/>\nt\u00e9l\u00e9phone en voiture,<br \/>\nle Parrot CK3100 LCD offre une solution mains libres haut de gamme<br \/>\nalliant confort, s\u00e9curit\u00e9 et technologie.<\/p>\n<p>&nbsp;<\/p>\n<h2>T\u00e9l\u00e9phonez en toute<br \/>\ns\u00e9curit\u00e9 avec la reconnaissance vocale<\/h2>\n<p>&nbsp;<\/p>\n<p>Lorsque l&rsquo;utilisateur entre dans sa voiture, il met le contact<br \/>\net le<br \/>\nkit mains libres se connecte imm\u00e9diatement au<br \/>\nt\u00e9l\u00e9phone. Gr\u00e2ce \u00e0 la<br \/>\nreconnaissance vocale incluse dans le kit mains libres Parrot, le<br \/>\nconducteur dicte un nom et le kit compose automatiquement le<br \/>\nnum\u00e9ro du<br \/>\ncorrespondant en toute s\u00e9curit\u00e9.<\/p>\n<p><img decoding=\"async\" src=\"http:\/\/www.parrot.com\/img\/fr\/parrot-ck3100-lcd\/parrot-ck3100-lcd-img2.jpg\" alt=\"Parrot CK1300 LCD\" border=\"0\" vspace=\"5\" \/><\/p>\n<h2>Choisissez un kit mains libres parfaitement<br \/>\nint\u00e9gr\u00e9 \u00e0 la voiture pour une vraie<br \/>\nqualit\u00e9 audio.<\/h2>\n<h2><\/h2>\n<p>Les haut-parleurs de la voiture transmettent<br \/>\nfid\u00e8lement la voix du<br \/>\ncorrespondant. Le microphone externe capte le son de la voix en<br \/>\nfiltrant le bruit environnant. Lors d\u2019un d\u2019appel,<br \/>\nl\u2019autoradio est<br \/>\nautomatiquement coup\u00e9 pour permettre une conversation fluide.<\/p>\n<h2>Retrouvez les informations de votre<br \/>\nt\u00e9l\u00e9phone sur l\u2019\u00e9cran LCD<\/h2>\n<p>&nbsp;<\/p>\n<p>Le kit Parrot affiche les informations de votre mobile sur son<br \/>\n\u00e9cran<br \/>\nLCD : num\u00e9ro de l\u2019appel entrant,<br \/>\nr\u00e9pertoire, dernier appel\u2026 Astucieux,<br \/>\nl\u2019\u00e9cran s\u2019installe sur le tableau de<br \/>\nbord, o\u00f9 l\u2019utilisateur le<br \/>\nsouhaite, et offre un angle de vue optimis\u00e9 pour plus de<br \/>\nconfort et de<br \/>\nlisibilit\u00e9.<\/p>\n<p>&nbsp;<\/p>\n<p><img decoding=\"async\" src=\"http:\/\/www.parrot.com\/img\/fr\/parrot-ck3100-lcd\/parrot-ck3100-lcd-img1.jpg\" alt=\"Parrot CK3100 LCD\" border=\"0\" vspace=\"5\" \/><\/p>\n<h2><\/h2>\n<h2>Informations cl\u00e9s<\/h2>\n<h2>Parrot CK3100 kit mains libres voiture Bluetooth<\/h2>\n<h2><\/h2>\n<ul>\n<li>\u00c9cran LCD affichant les informations standard<br \/>\ndu t\u00e9l\u00e9phone mobile :<br \/>\nappels entrants, appels r\u00e9cents, appels en absence, messages<br \/>\nvocaux,<br \/>\nr\u00e9pertoire, etc.<\/li>\n<\/ul>\n<ul>\n<li>Micro unidirectionnel mains libres pour la<br \/>\nnum\u00e9rotation par<br \/>\nreconnaissance vocale jusqu&rsquo;\u00e0 150 noms, avec<br \/>\nr\u00e9duction de bruit et<br \/>\nannulation d&rsquo;\u00e9cho.<\/li>\n<\/ul>\n<ul>\n<li>Bouton de navigation pour parcourir les menus vocaux et<br \/>\ncontr\u00f4ler le volume.<\/li>\n<li>5000 contacts<\/li>\n<\/ul>\n","protected":false},"excerpt":{"rendered":"<p>1er Syst\u00e8me voiture mains libres Bluetooth\u00ae avec \u00e9cran LCD &nbsp; Le kit mains libres Parrot CK3100 LCD permet d&rsquo;envoyer et&#8230;<\/p>\n","protected":false},"author":1,"featured_media":0,"parent":0,"menu_order":0,"comment_status":"closed","ping_status":"open","template":"","meta":{"footnotes":""},"class_list":["post-70","page","type-page","status-publish","hentry"],"_links":{"self":[{"href":"https:\/\/www.anthonyequipementauto.fr\/index.php?rest_route=\/wp\/v2\/pages\/70","targetHints":{"allow":["GET"]}}],"collection":[{"href":"https:\/\/www.anthonyequipementauto.fr\/index.php?rest_route=\/wp\/v2\/pages"}],"about":[{"href":"https:\/\/www.anthonyequipementauto.fr\/index.php?rest_route=\/wp\/v2\/types\/page"}],"author":[{"embeddable":true,"href":"https:\/\/www.anthonyequipementauto.fr\/index.php?rest_route=\/wp\/v2\/users\/1"}],"replies":[{"embeddable":true,"href":"https:\/\/www.anthonyequipementauto.fr\/index.php?rest_route=%2Fwp%2Fv2%2Fcomments&post=70"}],"version-history":[{"count":1,"href":"https:\/\/www.anthonyequipementauto.fr\/index.php?rest_route=\/wp\/v2\/pages\/70\/revisions"}],"predecessor-version":[{"id":72,"href":"https:\/\/www.anthonyequipementauto.fr\/index.php?rest_route=\/wp\/v2\/pages\/70\/revisions\/72"}],"wp:attachment":[{"href":"https:\/\/www.anthonyequipementauto.fr\/index.php?rest_route=%2Fwp%2Fv2%2Fmedia&parent=70"}],"curies":[{"name":"wp","href":"https:\/\/api.w.org\/{rel}","templated":true}]}}